{"id":46975,"date":"2023-08-01T13:38:05","date_gmt":"2023-08-01T18:38:05","guid":{"rendered":"https:\/\/jazaguilar.com\/?post_type=product&#038;p=46975"},"modified":"2026-01-12T21:38:41","modified_gmt":"2026-01-13T02:38:41","slug":"medias-afelpadas","status":"publish","type":"product","link":"https:\/\/jazaguilar.com\/?product=medias-afelpadas","title":{"rendered":"Medias Afelpadas"},"content":{"rendered":"<div class=\"x11i5rnm xat24cr x1mh8g0r x1vvkbs xtlvy1s x126k92a\">\n<div dir=\"auto\"><strong><span class=\"x3nfvp2 x1j61x8r x1fcty0u xdj266r xhhsvwb xat24cr xgzva0m xxymvpz xlup9mm x1kky2od\"><img loading=\"lazy\" decoding=\"async\" src=\"https:\/\/static.xx.fbcdn.net\/images\/emoji.php\/v9\/t62\/1\/16\/1f4b8.png\" alt=\"\ud83d\udcb8\" width=\"16\" height=\"16\" \/><\/span><span class=\"x3nfvp2 x1j61x8r x1fcty0u xdj266r xhhsvwb xat24cr xgzva0m xxymvpz xlup9mm x1kky2od\"><img loading=\"lazy\" decoding=\"async\" src=\"https:\/\/static.xx.fbcdn.net\/images\/emoji.php\/v9\/tdf\/1\/16\/1f4b5.png\" alt=\"\ud83d\udcb5\" width=\"16\" height=\"16\" \/><\/span><span class=\"x3nfvp2 x1j61x8r x1fcty0u xdj266r xhhsvwb xat24cr xgzva0m xxymvpz xlup9mm x1kky2od\"><img loading=\"lazy\" decoding=\"async\" src=\"https:\/\/static.xx.fbcdn.net\/images\/emoji.php\/v9\/t62\/1\/16\/1f4b8.png\" alt=\"\ud83d\udcb8\" width=\"16\" height=\"16\" \/><\/span>\ud835\ude42\ud835\ude3c\ud835\ude49\ud835\ude3c\ud835\ude4e \ud835\ude4b\ud835\ude4a\ud835\ude4d \ud835\ude4c\ud835\ude50\ud835\ude40 \ud835\ude42\ud835\ude3c\ud835\ude49\ud835\ude3c\ud835\ude4e<span class=\"x3nfvp2 x1j61x8r x1fcty0u xdj266r xhhsvwb xat24cr xgzva0m xxymvpz xlup9mm x1kky2od\"><img loading=\"lazy\" decoding=\"async\" src=\"https:\/\/static.xx.fbcdn.net\/images\/emoji.php\/v9\/t62\/1\/16\/1f4b8.png\" alt=\"\ud83d\udcb8\" width=\"16\" height=\"16\" \/><\/span><span class=\"x3nfvp2 x1j61x8r x1fcty0u xdj266r xhhsvwb xat24cr xgzva0m xxymvpz xlup9mm x1kky2od\"><img loading=\"lazy\" decoding=\"async\" src=\"https:\/\/static.xx.fbcdn.net\/images\/emoji.php\/v9\/tdf\/1\/16\/1f4b5.png\" alt=\"\ud83d\udcb5\" width=\"16\" height=\"16\" \/><\/span><span class=\"x3nfvp2 x1j61x8r x1fcty0u xdj266r xhhsvwb xat24cr xgzva0m xxymvpz xlup9mm x1kky2od\"><img loading=\"lazy\" decoding=\"async\" src=\"https:\/\/static.xx.fbcdn.net\/images\/emoji.php\/v9\/t62\/1\/16\/1f4b8.png\" alt=\"\ud83d\udcb8\" width=\"16\" height=\"16\" \/><\/span><\/strong><\/div>\n<\/div>\n<div class=\"x11i5rnm xat24cr x1mh8g0r x1vvkbs xtlvy1s x126k92a\">\n<div dir=\"auto\"><strong><span class=\"x3nfvp2 x1j61x8r x1fcty0u xdj266r xhhsvwb xat24cr xgzva0m xxymvpz xlup9mm x1kky2od\"><img loading=\"lazy\" decoding=\"async\" src=\"https:\/\/static.xx.fbcdn.net\/images\/emoji.php\/v9\/t3b\/1\/16\/1f4e4.png\" alt=\"\ud83d\udce4\" width=\"16\" height=\"16\" \/><\/span>Env\u00edos a toda la Rep\u00fablica <span class=\"x3nfvp2 x1j61x8r x1fcty0u xdj266r xhhsvwb xat24cr xgzva0m xxymvpz xlup9mm x1kky2od\"><img loading=\"lazy\" decoding=\"async\" src=\"https:\/\/static.xx.fbcdn.net\/images\/emoji.php\/v9\/t3d\/1\/16\/1f4e6.png\" alt=\"\ud83d\udce6\" width=\"16\" height=\"16\" \/><\/span><\/strong><\/div>\n<\/div>\n","protected":false},"excerpt":{"rendered":"<p><strong>Est\u00e1n Incre\u00edbles<span class=\"x3nfvp2 x1j61x8r x1fcty0u xdj266r xhhsvwb xat24cr xgzva0m xxymvpz xlup9mm x1kky2od\"><img loading=\"lazy\" decoding=\"async\" src=\"https:\/\/static.xx.fbcdn.net\/images\/emoji.php\/v9\/t50\/1\/16\/1f525.png\" alt=\"\ud83d\udd25\" width=\"16\" height=\"16\" \/><\/span><span class=\"x3nfvp2 x1j61x8r x1fcty0u xdj266r xhhsvwb xat24cr xgzva0m xxymvpz xlup9mm x1kky2od\"><img loading=\"lazy\" decoding=\"async\" src=\"https:\/\/static.xx.fbcdn.net\/images\/emoji.php\/v9\/t50\/1\/16\/1f525.png\" alt=\"\ud83d\udd25\" width=\"16\" height=\"16\" \/><\/span><span class=\"x3nfvp2 x1j61x8r x1fcty0u xdj266r xhhsvwb xat24cr xgzva0m xxymvpz xlup9mm x1kky2od\"><img loading=\"lazy\" decoding=\"async\" src=\"https:\/\/static.xx.fbcdn.net\/images\/emoji.php\/v9\/t50\/1\/16\/1f525.png\" alt=\"\ud83d\udd25\" width=\"16\" height=\"16\" \/><br \/>\nLo m\u00e1s pedido<\/span><img loading=\"lazy\" decoding=\"async\" src=\"https:\/\/static.xx.fbcdn.net\/images\/emoji.php\/v9\/tfe\/1\/16\/1f44f.png\" alt=\"\ud83d\udc4f\" width=\"16\" height=\"16\" \/><br \/>\n\ud83d\ude0d\u200aTe Encantar\u00e1n \u2764\ufe0f\u200d\ud83d\udd25<br \/>\n<\/strong><\/p>\n<div class=\"x14z9mp xat24cr x1lziwak x1vvkbs xtlvy1s x126k92a\">\n<div dir=\"auto\"><strong><span class=\"html-span xexx8yu xyri2b x18d9i69 x1c1uobl x1hl2dhg x16tdsg8 x1vvkbs x3nfvp2 x1j61x8r x1fcty0u xdj266r xat24cr xm2jcoa x1mpyi22 xxymvpz xlup9mm x1kky2od\"><img loading=\"lazy\" decoding=\"async\" class=\"xz74otr x15mokao x1ga7v0g x16uus16 xbiv7yw\" src=\"https:\/\/static.xx.fbcdn.net\/images\/emoji.php\/v9\/t33\/1\/16\/2705.png\" alt=\"\u2705\" width=\"16\" height=\"16\" \/><\/span>\u0274\u1d0f \u1d18\u1d07\u0280\u1d0d\u026a\u1d1b\u1d00\ua731 Q\u1d1c\u1d07 \u029f\u1d0f\ua731 \u1d05\u00cd\u1d00\ua731 \u0274\u1d1c\u0299\u029f\u1d00\u1d05\u1d0f\ua731<\/strong><\/div>\n<div dir=\"auto\"><strong><span class=\"html-span xexx8yu xyri2b x18d9i69 x1c1uobl x1hl2dhg x16tdsg8 x1vvkbs x3nfvp2 x1j61x8r x1fcty0u xdj266r xat24cr xm2jcoa x1mpyi22 xxymvpz xlup9mm x1kky2od\"><img loading=\"lazy\" decoding=\"async\" class=\"xz74otr x15mokao x1ga7v0g x16uus16 xbiv7yw\" src=\"https:\/\/static.xx.fbcdn.net\/images\/emoji.php\/v9\/t7b\/1\/16\/1f32b.png\" alt=\"\ud83c\udf2b\" width=\"16\" height=\"16\" \/><\/span> \u1d1b\u1d07 IMPIDAN \u029f\u1d1c\u1d04\u026a\u0280 \u1d20\u1d07\ua731\u1d1b\u026a\u1d05\u1d0f<span class=\"html-span xexx8yu xyri2b x18d9i69 x1c1uobl x1hl2dhg x16tdsg8 x1vvkbs x3nfvp2 x1j61x8r x1fcty0u xdj266r xat24cr xm2jcoa x1mpyi22 xxymvpz xlup9mm x1kky2od\"><img loading=\"lazy\" decoding=\"async\" class=\"xz74otr x15mokao x1ga7v0g x16uus16 xbiv7yw\" src=\"https:\/\/static.xx.fbcdn.net\/images\/emoji.php\/v9\/tee\/1\/16\/1f457.png\" alt=\"\ud83d\udc57\" width=\"16\" height=\"16\" \/><\/span>, shorts o faldas.<\/strong><\/div>\n<div dir=\"auto\"><strong>Ya no te preocupes si es de noche.<\/strong><\/div>\n<div dir=\"auto\"><strong>, \u1d04\u1d0f\u0274 \u029f\u1d00\ua731 \u1d0d\u1d07\u1d05\u026a\u1d00\ua731 \u1d00\ua730\u1d07\u029f\u1d18\u1d00\u1d05\u1d00\ua731 \u0274\u1d0f \u1d1b\u1d07 \u1d18\u0280\u1d07\u1d0f\u1d04\u1d1c\u1d18\u1d00\u0280\u1d00\ua731 \u1d0d\u1d00\ua731 \u1d18\u1d0f\u0280 \u1d07\u029f \ua730\u0280\u026a\u1d0f <span class=\"html-span xexx8yu xyri2b x18d9i69 x1c1uobl x1hl2dhg x16tdsg8 x1vvkbs x3nfvp2 x1j61x8r x1fcty0u xdj266r xat24cr xm2jcoa x1mpyi22 xxymvpz xlup9mm x1kky2od\"><img loading=\"lazy\" decoding=\"async\" class=\"xz74otr x15mokao x1ga7v0g x16uus16 xbiv7yw\" src=\"https:\/\/static.xx.fbcdn.net\/images\/emoji.php\/v9\/tfc\/1\/16\/1f32c.png\" alt=\"\ud83c\udf2c\" width=\"16\" height=\"16\" \/><\/span><\/strong><\/div>\n<\/div>\n<div class=\"x14z9mp xat24cr x1lziwak x1vvkbs xtlvy1s x126k92a\">\n<div dir=\"auto\"><strong>\u1d0d\u1d07\u1d05\u026a\u1d00\ua731 \u1d05\u1d07 \ua730\u1d0f\u0280\u0280\u1d0f \u1d18\u1d0f\u029f\u1d00\u0280 \u1d18\u1d00\u0280\u1d00 \u1d1b\u1d0f\u1d05\u1d00\ua731 \u029f\u1d00\ua731 \u1d0d\u1d1c\u1d0a\u1d07\u0280\u1d07\ua731 Q\u1d1c\u1d07 \u1d0d\u026a\u1d05\u1d07\u0274 \u1d05\u1d07\ua731\u1d05\u1d07 1.50\u1d04\u1d0d \u1d00 1.70\u1d04\u1d0d<\/strong><\/div>\n<\/div>\n<div class=\"x14z9mp xat24cr x1lziwak x1vvkbs xtlvy1s x126k92a\">\n<div dir=\"auto\"><strong><span class=\"html-span xexx8yu xyri2b x18d9i69 x1c1uobl x1hl2dhg x16tdsg8 x1vvkbs x3nfvp2 x1j61x8r x1fcty0u xdj266r xat24cr xm2jcoa x1mpyi22 xxymvpz xlup9mm x1kky2od\"><img loading=\"lazy\" decoding=\"async\" class=\"xz74otr x15mokao x1ga7v0g x16uus16 xbiv7yw\" src=\"https:\/\/static.xx.fbcdn.net\/images\/emoji.php\/v9\/t8d\/1\/16\/2611.png\" alt=\"\u2611\" width=\"16\" height=\"16\" \/><\/span>\ua731\u00da\u1d18\u1d07\u0280 \u1d07\u029f\u00c1\ua731\u1d1b\u026a\u1d04\u1d00\ua731<\/strong><\/div>\n<div dir=\"auto\"><strong><span class=\"html-span xexx8yu xyri2b x18d9i69 x1c1uobl x1hl2dhg x16tdsg8 x1vvkbs x3nfvp2 x1j61x8r x1fcty0u xdj266r xat24cr xm2jcoa x1mpyi22 xxymvpz xlup9mm x1kky2od\"><img loading=\"lazy\" decoding=\"async\" class=\"xz74otr x15mokao x1ga7v0g x16uus16 xbiv7yw\" src=\"https:\/\/static.xx.fbcdn.net\/images\/emoji.php\/v9\/t8d\/1\/16\/2611.png\" alt=\"\u2611\" width=\"16\" height=\"16\" \/><\/span>\u1d04\u1d0f\u0274\u1d1b\u0280\u1d0f\u029f \u1d05\u1d07 \u1d00\u0299\u1d05\u1d0f\u1d0d\u1d07\u0274<\/strong><\/div>\n<div dir=\"auto\"><strong><span class=\"html-span xexx8yu xyri2b x18d9i69 x1c1uobl x1hl2dhg x16tdsg8 x1vvkbs x3nfvp2 x1j61x8r x1fcty0u xdj266r xat24cr xm2jcoa x1mpyi22 xxymvpz xlup9mm x1kky2od\"><img loading=\"lazy\" decoding=\"async\" class=\"xz74otr x15mokao x1ga7v0g x16uus16 xbiv7yw\" src=\"https:\/\/static.xx.fbcdn.net\/images\/emoji.php\/v9\/t8d\/1\/16\/2611.png\" alt=\"\u2611\" width=\"16\" height=\"16\" \/><\/span>\ua731\u1d1c\u1d00\u1d20\u1d07\ua731<\/strong><\/div>\n<div dir=\"auto\"><strong><span class=\"html-span xexx8yu xyri2b x18d9i69 x1c1uobl x1hl2dhg x16tdsg8 x1vvkbs x3nfvp2 x1j61x8r x1fcty0u xdj266r xat24cr xm2jcoa x1mpyi22 xxymvpz xlup9mm x1kky2od\"><img loading=\"lazy\" decoding=\"async\" class=\"xz74otr x15mokao x1ga7v0g x16uus16 xbiv7yw\" src=\"https:\/\/static.xx.fbcdn.net\/images\/emoji.php\/v9\/t8d\/1\/16\/2611.png\" alt=\"\u2611\" width=\"16\" height=\"16\" \/><\/span>\u1d1b\u0280\u1d00\u0274\ua731\u1d18\u026a\u0280\u1d00\u0299\u029f\u1d07\ua731<\/strong><\/div>\n<div dir=\"auto\"><strong><span class=\"html-span xexx8yu xyri2b x18d9i69 x1c1uobl x1hl2dhg x16tdsg8 x1vvkbs x3nfvp2 x1j61x8r x1fcty0u xdj266r xat24cr xm2jcoa x1mpyi22 xxymvpz xlup9mm x1kky2od\"><img loading=\"lazy\" decoding=\"async\" class=\"xz74otr x15mokao x1ga7v0g x16uus16 xbiv7yw\" src=\"https:\/\/static.xx.fbcdn.net\/images\/emoji.php\/v9\/t8d\/1\/16\/2611.png\" alt=\"\u2611\" width=\"16\" height=\"16\" \/><\/span>\u029f\u026a\u0262\u1d07\u0280\u1d00\ua731<\/strong><\/div>\n<\/div>\n","protected":false},"featured_media":46982,"template":"","meta":[],"product_cat":[87,245],"product_tag":[],"class_list":{"0":"post-46975","1":"product","2":"type-product","3":"status-publish","4":"has-post-thumbnail","6":"product_cat-accesorios-de-temporada","7":"product_cat-ropa","9":"first","10":"instock","11":"shipping-taxable","12":"purchasable","13":"product-type-simple"},"tiered_pricing_type":"fixed","tiered_pricing_fixed_rules":[],"yoast_head":"<!-- This site is optimized with the Yoast SEO plugin v23.9 - https:\/\/yoast.com\/wordpress\/plugins\/seo\/ -->\n<title>Medias Afelpadas - Jazaguilar<\/title>\n<meta name=\"robots\" content=\"index, follow, max-snippet:-1, max-image-preview:large, max-video-preview:-1\" \/>\n<link rel=\"canonical\" href=\"https:\/\/jazaguilar.com\/?product=medias-afelpadas\" \/>\n<meta property=\"og:locale\" content=\"es_MX\" \/>\n<meta property=\"og:type\" content=\"article\" \/>\n<meta property=\"og:title\" content=\"Medias Afelpadas - Jazaguilar\" \/>\n<meta property=\"og:description\" content=\"Est\u00e1n Incre\u00edbles Lo m\u00e1s pedido \ud83d\ude0d\u200aTe Encantar\u00e1n \u2764\ufe0f\u200d\ud83d\udd25   \u0274\u1d0f \u1d18\u1d07\u0280\u1d0d\u026a\u1d1b\u1d00\ua731 Q\u1d1c\u1d07 \u029f\u1d0f\ua731 \u1d05\u00cd\u1d00\ua731 \u0274\u1d1c\u0299\u029f\u1d00\u1d05\u1d0f\ua731  \u1d1b\u1d07 IMPIDAN \u029f\u1d1c\u1d04\u026a\u0280 \u1d20\u1d07\ua731\u1d1b\u026a\u1d05\u1d0f, shorts o faldas. Ya no te preocupes si es de noche. , \u1d04\u1d0f\u0274 \u029f\u1d00\ua731 \u1d0d\u1d07\u1d05\u026a\u1d00\ua731 \u1d00\ua730\u1d07\u029f\u1d18\u1d00\u1d05\u1d00\ua731 \u0274\u1d0f \u1d1b\u1d07 \u1d18\u0280\u1d07\u1d0f\u1d04\u1d1c\u1d18\u1d00\u0280\u1d00\ua731 \u1d0d\u1d00\ua731 \u1d18\u1d0f\u0280 \u1d07\u029f \ua730\u0280\u026a\u1d0f    \u1d0d\u1d07\u1d05\u026a\u1d00\ua731 \u1d05\u1d07 \ua730\u1d0f\u0280\u0280\u1d0f \u1d18\u1d0f\u029f\u1d00\u0280 \u1d18\u1d00\u0280\u1d00 \u1d1b\u1d0f\u1d05\u1d00\ua731 \u029f\u1d00\ua731 \u1d0d\u1d1c\u1d0a\u1d07\u0280\u1d07\ua731 Q\u1d1c\u1d07 \u1d0d\u026a\u1d05\u1d07\u0274 \u1d05\u1d07\ua731\u1d05\u1d07 1.50\u1d04\u1d0d \u1d00 1.70\u1d04\u1d0d   \ua731\u00da\u1d18\u1d07\u0280 \u1d07\u029f\u00c1\ua731\u1d1b\u026a\u1d04\u1d00\ua731 \u1d04\u1d0f\u0274\u1d1b\u0280\u1d0f\u029f \u1d05\u1d07 \u1d00\u0299\u1d05\u1d0f\u1d0d\u1d07\u0274 \ua731\u1d1c\u1d00\u1d20\u1d07\ua731 \u1d1b\u0280\u1d00\u0274\ua731\u1d18\u026a\u0280\u1d00\u0299\u029f\u1d07\ua731 \u029f\u026a\u0262\u1d07\u0280\u1d00\ua731\" \/>\n<meta property=\"og:url\" content=\"https:\/\/jazaguilar.com\/?product=medias-afelpadas\" \/>\n<meta property=\"og:site_name\" content=\"Jazaguilar\" \/>\n<meta property=\"article:modified_time\" content=\"2026-01-13T02:38:41+00:00\" \/>\n<meta property=\"og:image\" content=\"https:\/\/jazaguilar.com\/wp-content\/uploads\/2023\/08\/363391706_1553949511807222_7176911992452431917_n-1.jpg\" \/>\n\t<meta property=\"og:image:width\" content=\"1242\" \/>\n\t<meta property=\"og:image:height\" content=\"1194\" \/>\n\t<meta property=\"og:image:type\" content=\"image\/jpeg\" \/>\n<meta name=\"twitter:card\" content=\"summary_large_image\" \/>\n<meta name=\"twitter:label1\" content=\"Tiempo de lectura\" \/>\n\t<meta name=\"twitter:data1\" content=\"2 minutos\" \/>\n<script type=\"application\/ld+json\" class=\"yoast-schema-graph\">{\"@context\":\"https:\/\/schema.org\",\"@graph\":[{\"@type\":\"WebPage\",\"@id\":\"https:\/\/jazaguilar.com\/?product=medias-afelpadas\",\"url\":\"https:\/\/jazaguilar.com\/?product=medias-afelpadas\",\"name\":\"Medias Afelpadas - Jazaguilar\",\"isPartOf\":{\"@id\":\"https:\/\/jazaguilar.com\/#website\"},\"primaryImageOfPage\":{\"@id\":\"https:\/\/jazaguilar.com\/?product=medias-afelpadas#primaryimage\"},\"image\":{\"@id\":\"https:\/\/jazaguilar.com\/?product=medias-afelpadas#primaryimage\"},\"thumbnailUrl\":\"https:\/\/jazaguilar.com\/wp-content\/uploads\/2023\/08\/363391706_1553949511807222_7176911992452431917_n-1.jpg\",\"datePublished\":\"2023-08-01T18:38:05+00:00\",\"dateModified\":\"2026-01-13T02:38:41+00:00\",\"breadcrumb\":{\"@id\":\"https:\/\/jazaguilar.com\/?product=medias-afelpadas#breadcrumb\"},\"inLanguage\":\"es\",\"potentialAction\":[{\"@type\":\"ReadAction\",\"target\":[\"https:\/\/jazaguilar.com\/?product=medias-afelpadas\"]}]},{\"@type\":\"ImageObject\",\"inLanguage\":\"es\",\"@id\":\"https:\/\/jazaguilar.com\/?product=medias-afelpadas#primaryimage\",\"url\":\"https:\/\/jazaguilar.com\/wp-content\/uploads\/2023\/08\/363391706_1553949511807222_7176911992452431917_n-1.jpg\",\"contentUrl\":\"https:\/\/jazaguilar.com\/wp-content\/uploads\/2023\/08\/363391706_1553949511807222_7176911992452431917_n-1.jpg\",\"width\":1242,\"height\":1194},{\"@type\":\"BreadcrumbList\",\"@id\":\"https:\/\/jazaguilar.com\/?product=medias-afelpadas#breadcrumb\",\"itemListElement\":[{\"@type\":\"ListItem\",\"position\":1,\"name\":\"Inicio\",\"item\":\"https:\/\/jazaguilar.com\/\"},{\"@type\":\"ListItem\",\"position\":2,\"name\":\"Shop\",\"item\":\"https:\/\/jazaguilar.com\/?page_id=882\"},{\"@type\":\"ListItem\",\"position\":3,\"name\":\"Medias Afelpadas\"}]},{\"@type\":\"WebSite\",\"@id\":\"https:\/\/jazaguilar.com\/#website\",\"url\":\"https:\/\/jazaguilar.com\/\",\"name\":\"Jazaguilar\",\"description\":\"Cosmeticos &amp; Accesorios\",\"potentialAction\":[{\"@type\":\"SearchAction\",\"target\":{\"@type\":\"EntryPoint\",\"urlTemplate\":\"https:\/\/jazaguilar.com\/?s={search_term_string}\"},\"query-input\":{\"@type\":\"PropertyValueSpecification\",\"valueRequired\":true,\"valueName\":\"search_term_string\"}}],\"inLanguage\":\"es\"}]}<\/script>\n<!-- \/ Yoast SEO plugin. -->","yoast_head_json":{"title":"Medias Afelpadas - Jazaguilar","robots":{"index":"index","follow":"follow","max-snippet":"max-snippet:-1","max-image-preview":"max-image-preview:large","max-video-preview":"max-video-preview:-1"},"canonical":"https:\/\/jazaguilar.com\/?product=medias-afelpadas","og_locale":"es_MX","og_type":"article","og_title":"Medias Afelpadas - Jazaguilar","og_description":"Est\u00e1n Incre\u00edbles Lo m\u00e1s pedido \ud83d\ude0d\u200aTe Encantar\u00e1n \u2764\ufe0f\u200d\ud83d\udd25   \u0274\u1d0f \u1d18\u1d07\u0280\u1d0d\u026a\u1d1b\u1d00\ua731 Q\u1d1c\u1d07 \u029f\u1d0f\ua731 \u1d05\u00cd\u1d00\ua731 \u0274\u1d1c\u0299\u029f\u1d00\u1d05\u1d0f\ua731  \u1d1b\u1d07 IMPIDAN \u029f\u1d1c\u1d04\u026a\u0280 \u1d20\u1d07\ua731\u1d1b\u026a\u1d05\u1d0f, shorts o faldas. Ya no te preocupes si es de noche. , \u1d04\u1d0f\u0274 \u029f\u1d00\ua731 \u1d0d\u1d07\u1d05\u026a\u1d00\ua731 \u1d00\ua730\u1d07\u029f\u1d18\u1d00\u1d05\u1d00\ua731 \u0274\u1d0f \u1d1b\u1d07 \u1d18\u0280\u1d07\u1d0f\u1d04\u1d1c\u1d18\u1d00\u0280\u1d00\ua731 \u1d0d\u1d00\ua731 \u1d18\u1d0f\u0280 \u1d07\u029f \ua730\u0280\u026a\u1d0f    \u1d0d\u1d07\u1d05\u026a\u1d00\ua731 \u1d05\u1d07 \ua730\u1d0f\u0280\u0280\u1d0f \u1d18\u1d0f\u029f\u1d00\u0280 \u1d18\u1d00\u0280\u1d00 \u1d1b\u1d0f\u1d05\u1d00\ua731 \u029f\u1d00\ua731 \u1d0d\u1d1c\u1d0a\u1d07\u0280\u1d07\ua731 Q\u1d1c\u1d07 \u1d0d\u026a\u1d05\u1d07\u0274 \u1d05\u1d07\ua731\u1d05\u1d07 1.50\u1d04\u1d0d \u1d00 1.70\u1d04\u1d0d   \ua731\u00da\u1d18\u1d07\u0280 \u1d07\u029f\u00c1\ua731\u1d1b\u026a\u1d04\u1d00\ua731 \u1d04\u1d0f\u0274\u1d1b\u0280\u1d0f\u029f \u1d05\u1d07 \u1d00\u0299\u1d05\u1d0f\u1d0d\u1d07\u0274 \ua731\u1d1c\u1d00\u1d20\u1d07\ua731 \u1d1b\u0280\u1d00\u0274\ua731\u1d18\u026a\u0280\u1d00\u0299\u029f\u1d07\ua731 \u029f\u026a\u0262\u1d07\u0280\u1d00\ua731","og_url":"https:\/\/jazaguilar.com\/?product=medias-afelpadas","og_site_name":"Jazaguilar","article_modified_time":"2026-01-13T02:38:41+00:00","og_image":[{"width":1242,"height":1194,"url":"https:\/\/jazaguilar.com\/wp-content\/uploads\/2023\/08\/363391706_1553949511807222_7176911992452431917_n-1.jpg","type":"image\/jpeg"}],"twitter_card":"summary_large_image","twitter_misc":{"Tiempo de lectura":"2 minutos"},"schema":{"@context":"https:\/\/schema.org","@graph":[{"@type":"WebPage","@id":"https:\/\/jazaguilar.com\/?product=medias-afelpadas","url":"https:\/\/jazaguilar.com\/?product=medias-afelpadas","name":"Medias Afelpadas - Jazaguilar","isPartOf":{"@id":"https:\/\/jazaguilar.com\/#website"},"primaryImageOfPage":{"@id":"https:\/\/jazaguilar.com\/?product=medias-afelpadas#primaryimage"},"image":{"@id":"https:\/\/jazaguilar.com\/?product=medias-afelpadas#primaryimage"},"thumbnailUrl":"https:\/\/jazaguilar.com\/wp-content\/uploads\/2023\/08\/363391706_1553949511807222_7176911992452431917_n-1.jpg","datePublished":"2023-08-01T18:38:05+00:00","dateModified":"2026-01-13T02:38:41+00:00","breadcrumb":{"@id":"https:\/\/jazaguilar.com\/?product=medias-afelpadas#breadcrumb"},"inLanguage":"es","potentialAction":[{"@type":"ReadAction","target":["https:\/\/jazaguilar.com\/?product=medias-afelpadas"]}]},{"@type":"ImageObject","inLanguage":"es","@id":"https:\/\/jazaguilar.com\/?product=medias-afelpadas#primaryimage","url":"https:\/\/jazaguilar.com\/wp-content\/uploads\/2023\/08\/363391706_1553949511807222_7176911992452431917_n-1.jpg","contentUrl":"https:\/\/jazaguilar.com\/wp-content\/uploads\/2023\/08\/363391706_1553949511807222_7176911992452431917_n-1.jpg","width":1242,"height":1194},{"@type":"BreadcrumbList","@id":"https:\/\/jazaguilar.com\/?product=medias-afelpadas#breadcrumb","itemListElement":[{"@type":"ListItem","position":1,"name":"Inicio","item":"https:\/\/jazaguilar.com\/"},{"@type":"ListItem","position":2,"name":"Shop","item":"https:\/\/jazaguilar.com\/?page_id=882"},{"@type":"ListItem","position":3,"name":"Medias Afelpadas"}]},{"@type":"WebSite","@id":"https:\/\/jazaguilar.com\/#website","url":"https:\/\/jazaguilar.com\/","name":"Jazaguilar","description":"Cosmeticos &amp; Accesorios","potentialAction":[{"@type":"SearchAction","target":{"@type":"EntryPoint","urlTemplate":"https:\/\/jazaguilar.com\/?s={search_term_string}"},"query-input":{"@type":"PropertyValueSpecification","valueRequired":true,"valueName":"search_term_string"}}],"inLanguage":"es"}]}},"_links":{"self":[{"href":"https:\/\/jazaguilar.com\/index.php?rest_route=\/wp\/v2\/product\/46975","targetHints":{"allow":["GET"]}}],"collection":[{"href":"https:\/\/jazaguilar.com\/index.php?rest_route=\/wp\/v2\/product"}],"about":[{"href":"https:\/\/jazaguilar.com\/index.php?rest_route=\/wp\/v2\/types\/product"}],"wp:featuredmedia":[{"embeddable":true,"href":"https:\/\/jazaguilar.com\/index.php?rest_route=\/wp\/v2\/media\/46982"}],"wp:attachment":[{"href":"https:\/\/jazaguilar.com\/index.php?rest_route=%2Fwp%2Fv2%2Fmedia&parent=46975"}],"wp:term":[{"taxonomy":"product_cat","embeddable":true,"href":"https:\/\/jazaguilar.com\/index.php?rest_route=%2Fwp%2Fv2%2Fproduct_cat&post=46975"},{"taxonomy":"product_tag","embeddable":true,"href":"https:\/\/jazaguilar.com\/index.php?rest_route=%2Fwp%2Fv2%2Fproduct_tag&post=46975"}],"curies":[{"name":"wp","href":"https:\/\/api.w.org\/{rel}","templated":true}]}}